555 (base 7) to base 10.
208143
-434422241 (base 5) to base 3
-10112011212220
What is 136a9a (base 11) in base 6?
4332011
Convert -322344040 (base 5) to base 13.
-3904ca
-302d5 (base 14) to base 3
-12212212220
What is -15555222 (base 6) in base 10?
-559742
3605757 (base 9) to base 8
7346161
What is -1010001000100001111 (base 2) in base 13?
-b81a1
167066 (base 9) to base 12
4bb36
Convert 84881 (base 10) to base 9.
138382
What is -92242 (base 11) in base 16?
-20e3f
What is 3003211333 (base 4) in base 15?
10c5a1
-49ac4a (base 16) to base 9
-10068074
3038370 (base 9) to base 8
6134260
What is -1121968 (base 10) in base 15?
-17267d
What is 610678 (base 9) in base 8?
1301704
Convert 566031 (base 9) to base 8.
1226105
Convert 572435 (base 8) to base 4.
233110131
-25451 (base 6) to base 2
-111100000111
-35a655a (base 11) to base 5
-3101300004
What is -2771731 (base 10) in base 13?
-7607a1
120201202100 (base 3) to base 6
10345313
Convert 40552 (base 10) to base 3.
2001121221
Convert -7781230 (base 10) to base 13.
-17c59a2
Convert a627c8 (base 13) to base 12.
1377219
What is 2672178 (base 13) in base 2?
101110000110101011001101
Convert 6538627 (base 9) to base 16.
358e9d
What is 101203203010 (base 4) in base 15?
60d887
What is 4d043 (base 14) in base 2?
101110001111010011
-1122372 (base 9) to base 11
-383914
1250105103 (base 6) to base 13
30ca22a
-1b055b (base 14) to base 8
-3525665
What is -11100110001011011011000 (base 2) in base 9?
-15165312
What is -1014343 (base 9) in base 5?
-114304300
What is -256625 (base 9) in base 5?
-14441121
What is -1053450 (base 8) in base 7?
-2263214
Convert 30456 (base 11) to base 8.
126664
110311213321 (base 4) to base 13
119347c
100101101110110110 (base 2) to base 9
255002
What is 37471004 (base 8) in base 9?
16530221
Convert 11101000110010111 (base 2) to base 7.
1004332
-2203d (base 14) to base 9
-134887
What is 3668274 (base 9) in base 4?
13212310330
What is 105224512 (base 6) in base 12?
792138
What is -15d176 (base 14) in base 8?
-2727664
Convert -14d6ed8 (base 15) to base 12.
-5088165
Convert -10222011220021 (base 3) to base 14.
-3ccb76
What is -2346501 (base 8) in base 4?
-2130311001
What is 51050003 (base 6) in base 2?
101100010101100010011
What is 171502 (base 8) in base 14?
189a2
What is 33a420 (base 11) in base 7?
4411642
-a1375 (base 13) to base 5
-33212120
Convert -17057120 (base 9) to base 5.
-4141303223
16273 (base 16) to base 13
323bc
What is -34a948 (base 12) in base 13?
-239024
Convert -10010021012012 (base 3) to base 5.
-411033430
20a82 (base 13) to base 10
58918
What is 533271 (base 9) in base 7?
2461123
What is -31254404 (base 6) in base 11?
-571366
What is 2110136 (base 7) in base 13?
8bb53
-10b3c (base 15) to base 4
-30332211
What is -1c62dc (base 15) in base 2?
-101010010110100000110
-20352430 (base 6) to base 11
-373533
7ce (base 16) to base 6
13130
What is 104452051 (base 6) in base 12?
77a027
Convert 1bf0c8 (base 16) to base 8.
6770310
Convert 219cb (base 13) to base 5.
3423012
-1dc3a (base 14) to base 11
-52519
3786050 (base 9) to base 14
3ba577
Convert 68750 (base 9) to base 16.
b2f2
-22018 (base 16) to base 6
-2552504
163550 (base 11) to base 3
110212210202
What is -17395 (base 16) in base 10?
-95125
1110110000011111011 (base 2) to base 9
816310
What is -260b0 (base 12) in base 13?
-1a86b
What is -334045434 (base 6) in base 14?
-b40a18
Convert -45021 (base 11) to base 4.
-33323122
What is 174930 (base 13) in base 5?
122102233
-848241 (base 9) to base 5
-112122132
What is -1011000101001000100100 (base 2) in base 14?
-558764
Convert -32e8 (base 16) to base 15.
-3cdc
22003213 (base 5) to base 6
4010021
Convert -2275004 (base 8) to base 7.
-5164446
-1536643 (base 7) to base 8
-634506
What is -100020222201 (base 3) in base 5?
-21312432
32434411 (base 5) to base 15
58221
Convert 14af9 (base 16) to base 9.
138203
-1004312001 (base 5) to base 4
-13232212110
Convert -12596a9 (base 13) to base 15.
-783a86
Convert 34223442 (base 6) to base 7.
11612540
-1201120010 (base 3) to base 14
-c526
What is -101111110222122 (base 3) in base 16?
-5523ec
-276d4 (base 15) to base 16
-1edd8
What is -11450132 (base 6) in base 16?
-58ec8
What is 7bb27 (base 12) in base 7?
1260211
What is -1040675 (base 10) in base 13?
-2a58ac
What is 1100408 (base 9) in base 3?
1010000110022
What is -356052 (base 12) in base 8?
-3220676
What is 31121011 (base 5) in base 3?
110221010011
What is 1101010111100100011 (base 2) in base 16?
6af23
Convert -114051315 (base 6) to base 4.
-20031220133
Convert 10110000011111101 (base 2) to base 13.
32192
What is 51945 (base 11) in base 13?
285a1
Convert 2122102011002 (base 3) to base 2.
101010111001010110110
-22023011233 (base 4) to base 10
-2666863
-10011011110001001110 (base 2) to base 7
-5265101
Convert -43444 (base 13) to base 11.
-83376
What is 144691 (base 10) in base 7?
1141561
Convert 33ec (base 15) to base 4.
2230032
What is 6a5858 (base 11) in base 13?
302c7a
-16983 (base 12) to base 10
-32499
What is -34552231 (base 6) in base 14?
-1dcadd
-101667 (base 13) to base 14
-9a725
Convert 2766b6 (base 12) to base 6.
22004350
What is 100110100000000001 (base 2) in base 5?
20021242
137200 (base 15) to base 8
3442635
-1436163 (base 8) to base 7
-3321343
-30231112233 (base 4) to base 16
-32d5af
6851243 (base 9) to base 14
6c26c5
What is 13323210020 (base 4) in base 3?
10220121211102
Convert -7e37b2 (base 15) to base 13.
-1334654
6405311 (base 7) to base 14
162608
What is c7bc4 (base 14) in base 11?
2aa592
What is -26b5 (base 15) in base 14?
-302a
Convert 36651 (base 11) to base 16.
cdd3
Convert -403345 (base 6) to base 15.
-96ae
Convert -240352325 (base 6) to base 2.
-10001001100111010011101
-3107741 (base 11) to base 13
-11a1028
What is -154252042 (base 6) in base 14?
-618586
Convert -4628747 (base 10) to base 4.
-101222010023
Convert 1131b00 (base 13) to base 6.
305200425
1012364 (base 7) to base 13
43073
-e8ba2 (base 16) to base 12
-39b796
What is 16bab4 (base 14) in base 2?
11000011011101101110
What is -154544 (base 10) in base 14?
-4046c
What is 10111001011100111000010 (base 2) in base 3?
102102201220010
Convert 302346 (base 11) to base 13.
140412
13600453 (base 7) to base 10
1277566
Convert -2d0d81 (base 14) to base 15.
-212712
a0113 (base 11) to base 14
3b597
Convert 4367b9 (base 14) to base 5.
1041101133
What is 223201001 (base 4) in base 12?
87195
What is -142203301 (base 5) in base 6?
-23514524
What is 110011111001001101111 (base 2) in base 10?
1700463
Convert 7719690 (base 10) to base 14.
104d426
Convert 100110011001111110011 (base 2) to base 3.
2100221022111
What is 133225131 (base 7) in base 10?
8628579
Convert 220112220110111 (base 3) to base 7.
215622520
Convert 1114741 (base 9) to base 7.
5050636
Convert -1111101100110001111 (base 2) to base 4.
-1331212033
Convert 1701777 (base 8) to base 14.
cb6d9
What is 1001000111110111100 (base 2) in base 8?
1107674
What is -1626445 (base 7) in base 4?
-313010230
-11a03a9 (base 12) to base 6
-201442333
What is -100011011001100101 (base 2) in base 16?
-23665
Convert 14dcd (base 15) to base 7.
400021
Convert -103482 (base 10) to base 12.
-4ba76
2a02269 (base 12) to base 14
11a4837
Convert -179a41 (base 11) to base 12.
-114204
What is 104440012 (base 5) in base 8?
1622244
What is -25346334 (base 7) in base 2?
-1000110000111011110010
Convert -217878 (base 10) to base 6.
-4400410
Convert -122694a (base 12) to base 4.
-31133133022
Convert 53bc6 (base 15) to base 9.
444676
Convert 5c6957 (base 13) to base 15.
2daed2
What is -2237397 (base 12) in base 5?
-3133410413
313103123 (base 4) to base 5
24222043
-114613301 (base 7) to base 6
-413311412
What is -177141 (base 9) in base 11?
-7587a
-4657802 (base 9) to base 15
-34b3cb
What is 17b94b (base 12) in base 7?
3344003
What is -1000000000111000111 (base 2) in base 3?
-111100012220
What is -30a52 (base 12) in base 5?
-4014320
What is -221002111312 (base 4) in base 8?
-51022566
What is -48125b (base 15) in base 13?
-9388c7
Convert -54ad0 (base 16) to base 14.
-9057a
What is -31666400 (base 7) in base 5?
-1143041110
What is -13233010300 (base 4) in base 7?
-23144011
-117262 (base 9) to base 14
-1bbc7
Convert -20100000120 (base 3) to base 9.
-210016
Convert -35b647 (base 15) to base 9.
-4746074
-23026 (